er when c is divided by b(5)?
2
Suppose 10 + 285 = 5*q. Let c = 27 + -7. Calculate the remainder when q is divided by c.
19
Let m = -2 - -52. What is the remainder when ((-3)/(-2))/(3/m) is divided by 9?
7
Suppose 7*v - 4*v - 94 = -4*d, -4*d = 4*v - 120. What is the remainder when v is divided by 7?
5
What is the remainder when 37 is divided by 1 + -5 - (-17 + 0)?
11
Suppose 0*v - 12 = -2*v. What is the remainder when ((-2)/v)/(1/(-66)) is divided by 6?
4
Let a = -21 + 48. Let d(j) = -j**3 + j**2 + 4*j + 3. Calculate the remainder when a is divided by d(-2).
6
What is the remainder when (-1 + 0)*(-1 - -1 - 113) is divided by 23?
21
Let q = -24 - -35. What is the remainder when 41 is divided by q?
8
Let f(c) = -2*c - 2*c + c + c - 4. Calculate the remainder when 14 is divided by f(-4).
2
Let x be (2 + 15/(-6))*-6. Suppose -11 = -x*n + 4. Calculate the remainder when n is divided by 3.
2
Let v = 293 - 178. Suppose -4*o = 5*t - 57, -t - 4*t = 3*o - 54. Calculate the remainder when t is divided by 4/10 - v/(-25).
4
Suppose r + r - 5*v = 18, -v + 61 = 3*r. Calculate the remainder when 36 is divided by r.
17
Suppose 0 = -j - a + 19, -5*a - 5 = 2*j - 31. What is the remainder when 29 is divided by j?
6
Let s(w) = w**2 - 3*w. Let o be s(3). Suppose 2*c - 8 = -o*c. Let u(l) = -l**3 + 6*l**2 + 9*l - 7. What is the remainder when u(7) is divided by c?
3
Suppose 0 = 4*y + 10 - 46. What is the remainder when y is divided by 4?
1
Let o = -55 - -19. Let t = 20 - o. Suppose -b = 3*b - t. Calculate the remainder when b is divided by 8.
6
What is the remainder when 73 is divided by (2*12/40)/((-1)/(-25))?
13
Let v = 10 + -5. Let r = 8 - -1. What is the remainder when r is divided by v?
4
Calculate the remainder when 10*3 + 4 - -3 is divided by 10.
7
Let i be -3*39 - 18/(-6). Let f(q) = -2*q - 6. Let z be f(-4). What is the remainder when (i/z)/((-5)/5) is divided by 15?
12
Let n(j) be the second derivative of j**4/12 - j**2/2 + 3*j. Let b be (0 - -6) + 0 - 1. Calculate the remainder when n(b) is divided by 13.
11
Suppose -2*v - 37 = -z, 3*v - 6 = z - 48. Let j = z - 5. What is the remainder when j is divided by (-2 + -3)*16/(-10)?
6
Let f(t) = -9*t**3 - t**2 - 2*t - 1. Calculate the remainder when 24 is divided by f(-1).
6
Suppose -5*g + 88 = 3*l, -2*l + 6 + 54 = 4*g. What is the remainder when l is divided by 14?
12
Suppose -4*t - 29 = 7. Suppose 15 = -5*b + 2*c, 3*b - 4*c = -9*c - 9. What is the remainder when 7 is divided by 3*b/t*3?
1
Let r be (-16)/(-12)*6/(-4). Let q be 0/(r/2*1). Suppose -4*y - 3*k = -46 - 10, q = y + 3*k - 14. Calculate the remainder when y is divided by 5.
4
Let z be -3*1/(-3) + -1. Suppose -5*r = -2*m - 48, -r + 2*m = -z*m - 8. Suppose -3*b = -8*b + r. Calculate the remainder when 2 is divided by b.
0
Suppose -4*o = -5*i + 193 - 12, 0 = -2*i + 4*o + 70. Calculate the remainder when 110 is divided by i.
36
Calculate the remainder when 94 is divided by 3/((-12)/(-50)) + 2/(-4).
10
Suppose 11 = 4*p - 33. Suppose -q = 3*t - 7, t - 6 = -4*q - 0*t. Calculate the remainder when p is divided by -4 + 2 - -8*q.
5
Suppose -7*u + 2*u + 180 = 0. Suppose 3*l + 0*l + u = 0. Calculate the remainder when 38 is divided by (-1 - 0)*(-1 + l).
12
Let v = 103 + -175. Calculate the remainder when 3*(1 - 62/(-6)) is divided by (v/(-14))/3*7.
10
Let d be (-5)/(-10)*(0 + 42). Let u(v) = v**3 - 8*v**2 + 6*v + 1. Let p be u(7). Let a = d + p. What is the remainder when a is divided by 6?
3
Suppose 5*l - l - 83 = 3*a, -l = -a - 21. Calculate the remainder when l is divided by (4 - 2)*(2 + 7 + -3).
8
Let v(f) = f**2 + 8*f - 14. Calculate the remainder when v(6) is divided by 24.
22
What is the remainder when (-116)/12*-6 + -2 is divided by 30?
26
Suppose -4*g + 6 + 10 = 0. Let j = -16 + 18. Suppose -2*i + 3*i + 37 = g*h, 0 = -j*h - 4*i + 14. Calculate the remainder when h is divided by 5.
4
Let j be -1 + 5 - (1 - 4). Suppose -2*x + 0*y + 3*y + j = 0, 2*x - 47 = -5*y. What is the remainder when 42 is divided by x?
9
Let r(s) = s**3 + 6*s**2 - 10*s - 3. Suppose 26 = -5*i + 4*v - v, -17 = 2*i + v. Let j(y) = 11*y - 1. What is the remainder when r(i) is divided by j(1)?
8
Let l(r) = r**3 - 2*r**2 + 2*r. Let i = -284 - -287. What is the remainder when l(2) is divided by i?
1
Suppose 0 = -2*w - h - 0*h + 29, 5*w + 4*h = 80. What is the remainder when (-472)/(-14) + (-72)/(-252) is divided by w?
10
Suppose -i - 4*i = 0. Suppose -3*z + 7*z - 41 = -r, i = -4*z + 4*r + 36. Calculate the remainder when 29 is divided by z.
9
Let z(g) = -g + 4. Let s be z(0). Suppose 34 + 10 = s*h. Let v(x) = -10*x + 1. Calculate the remainder when v(-2) is divided by h.
10
Let d(a) = a + 2. Let i be d(4). Let p = 90 - 59. What is the remainder when p is divided by -2*((-99)/i)/3?
9
Let v = -2 - -6. Let m = v + 4. What is the remainder when 23 is divided by m?
7
Suppose m + 2 = 4*p, -3*m = -3*p - p - 26. Let t(j) = -6*j**3 - 3*j**2 - 3*j - 2. What is the remainder when t(-2) is divided by m?
12
Suppose -9*x + 5*x = -52. Calculate the remainder when 49 is divided by x.
10
Let w(p) = p**2 + p + 4. Let v be -6*(1 - 4/8). Suppose 86 = 3*k - t, 4*t - 67 = -3*k + 9. Calculate the remainder when k is divided by w(v).
8
Let x be 3 + 14/2 + -3. Let s = 5 + 7. Let c = s - x. Calculate the remainder when 8 is divided by c.
3
Calculate the remainder when (-56)/196 + (310/7 - 2) is divided by 9.
6
Suppose 5*t - 450 = 2*t. Let k = -88 + t. Calculate the remainder when k is divided by 16.
14
Suppose 0*h + p = 5*h - 4, 4*h = -4*p + 8. Suppose -d + h = -4. Let n = 13 - d. Calculate the remainder when 15 is divided by n.
7
Let l(h) = 2*h + 1. Calculate the remainder when 10 is divided by l(2).
0
Let u(s) = -5*s - 1. Calculate the remainder when 80 is divided by u(-3).
10
Let t(p) = -3*p - 2. What is the remainder when t(-7) is divided by 7/(-2)*(2 - 4)?
5
Let n(f) = -20*f - 2. Let p be n(-2). Calculate the remainder when -3 + p + 0 - -3 is divided by 20.
18
Suppose 3*k - 24 = -c, 4*c = 2*k + k - 39. Calculate the remainder when k is divided by 4.
1
Let m(d) = d**2 - 5*d + 4. Calculate the remainder when 51 is divided by m(7).
15
Let b(o) = o**3 - 3*o**2 + 3*o + 1. Let j be b(3). What is the remainder when 1/1 - (-8 - -3) is divided by (2/(-5))/((-1)/j)?
2
Suppose v + 6 - 22 = w, 3*w + 3*v = -24. Let s = 16 + w. What is the remainder when s is divided by 3?
1
Let s = 9 + 19. What is the remainder when s is divided by 15?
13
Suppose -2*n = -n - 13. Calculate the remainder when (0 - -1)/(1/n) is divided by 4.
1
Let v(f) = -f + 12. Let u be v(7). Suppose 2*i + u*x - 6 - 10 = 0, 4*x - 23 = -5*i. Calculate the remainder when i/3*3 + 3 is divided by 2.
0
Suppose -5*s + 19 = 4*w, 2*w - 4*s = -0*s - 10. Calculate the remainder when (50 - -3) + w + 1 is divided by ((-4)/(-12))/((-1)/(-57)).
17
Let n(h) = h**3 + 11*h**2 - 2*h - 12. What is the remainder when 26 is divided by n(-11)?
6
Suppose -2*z + 67 = -5*o, 7*o + 99 = 4*z + 4*o. What is the remainder when 72 is divided by z?
9
Let p(b) = -2*b - 4. Let q be p(-4). Suppose 3 = -g + q. What is the remainder when (-92)/(-8)*g*2 is divided by 12?
11
Let x(t) = -2*t**3 - 2 + 3*t**3 + 41*t**2 - 37*t**2. Calculate the remainder when x(3) is divided by 16.
13
Let j(i) = -i**3 + 5*i**2 - 2*i + 6. Let t be (14/(-4) + 3)*10. Let q(g) = -g**2 - 11*g - 3. What is the remainder when q(t) is divided by j(4)?
13
Let m(b) = -b**2 - 9*b + 4. Suppose 0 = 5*o - 10 + 55. What is the remainder when m(o) is divided by 2?
0
Suppose -3*r = 4*s + s - 60, 0 = r + 3*s - 24. Let a = r + -7. Suppose -3*y = 16 - 58. What is the remainder when y is divided by a?
6
Suppose -5 = g - 2. What is the remainder when (-1)/((-5)/2)*100 is divided by (-2 - (-16)/(-6))*g?
12
Let l(q) = q**2 - q - 2. Let z be l(3). Suppose -z*t = 2*r + 4, -4*r = -t - 0*t - 19. Calculate the remainder when (22/t)/(3/(-9)) is divided by 8.
6
Let c(a) = -a**2 - 5*a + 4. Let r be c(-5). Suppose 2*f + j = f + 25, -99 = -r*f - 5*j. What is the remainder when f is divided by 14?
12
Let j = -47 - -170. What is the remainder when j is divided by 18?
15
Suppose 50 = 2*c + 44. Calculate the remainder when 28 is divided by c.
1
Let p = -39 - -90. Suppose o + 4*h + 12 = 2*o, o + 3*h = 47. Calculate the remainder when o is divided by (1 